111001010?
110111010
In base 5, what is 1 - 42?
-41
In base 3, what is -1 + -10200?
-10201
In base 7, what is 64355 + 3?
64361
In base 15, what is 10 + 7?
17
In base 15, what is -3 + -9de?
-9e2
In base 10, what is 187 - -3?
190
In base 16, what is -8 + -14?
-1c
In base 13, what is 294 - -3?
297
In base 13, what is -bb4 - 0?
-bb4
In base 10, what is -5 + -96?
-101
In base 3, what is 12 + 1221?
2010
In base 2, what is -1 + -101010?
-101011
In base 2, what is 100 + -1010110000001?
-1010101111101
In base 4, what is 30 - 1032?
-1002
In base 16, what is 2 + 22?
24
In base 12, what is -4 + 23a7?
23a3
In base 12, what is 1024 - 3?
1021
In base 15, what is -4 - 0?
-4
In base 2, what is -1000 - -100?
-100
In base 8, what is 0 + 356?
356
In base 14, what is 1 - -130?
131
In base 9, what is -2303 - -5?
-2287
In base 7, what is -1522 - -2?
-1520
In base 15, what is 35 - 5?
30
In base 5, what is 113 + -2?
111
In base 5, what is 3 + 2113?
2121
In base 15, what is -9 - -b3?
a9
In base 15, what is 6c4 - 0?
6c4
In base 2, what is -100010111 - -1000?
-100001111
In base 12, what is -39 + 43?
6
In base 3, what is 2020 + 100?
2120
In base 15, what is -3 - 26?
-29
In base 6, what is 40 + 30?
110
In base 2, what is 1001111111 + 1001?
1010001000
In base 4, what is 12 + -11000?
-10322
In base 12, what is -4 + -178?
-180
In base 12, what is -3 - 26?
-29
In base 2, what is -110100110 - 1100?
-110110010
In base 13, what is 0 + -17?
-17
In base 12, what is -8 + 474?
468
In base 10, what is 0 - -256?
256
In base 16, what is -beb + 5?
-be6
In base 6, what is 12 - 31?
-15
In base 15, what is -5 - -e9?
e4
In base 16, what is 191 - -2?
193
In base 3, what is 12 - 2210?
-2121
In base 4, what is 32 - -1013?
1111
In base 11, what is -80a - -3?
-807
In base 10, what is 10627 - 5?
10622
In base 9, what is 477 - 2?
475
In base 3, what is -2 - -12002?
12000
In base 3, what is 12 + -22?
-10
In base 10, what is 0 - -462?
462
In base 15, what is 0 - -1710?
1710
In base 10, what is -4 - -5?
1
In base 16, what is 791 - -4?
795
In base 13, what is -12 - 151?
-163
In base 12, what is -34 - 15?
-49
In base 2, what is 100 - 100101101?
-100101001
In base 16, what is 1 + -101?
-100
In base 5, what is 41 - 11?
30
In base 7, what is 6 - 366?
-360
In base 4, what is 11121 - -111?
11232
In base 14, what is -6508 - 2?
-650a
In base 12, what is -3 + -39?
-40
In base 4, what is 20213 + 1?
20220
In base 12, what is -17 + 59?
42
In base 5, what is 10 + -122?
-112
In base 13, what is 3 - 352?
-34c
In base 3, what is -2101 - -112012?
102211
In base 8, what is 371 + -3?
366
In base 15, what is -44 - 37?
-7b
In base 11, what is -266 + 2?
-264
In base 14, what is 575 + -11?
564
In base 2, what is 10 + 10100110011?
10100110101
In base 11, what is 3 - 566?
-563
In base 4, what is 21111 + 10?
21121
In base 10, what is 4 + 5?
9
In base 12, what is b - 28?
-19
In base 14, what is -21 - a5?
-c6
In base 4, what is 3200 + -2?
3132
In base 13, what is -83 + -5?
-88
In base 5, what is 0 + 230?
230
In base 10, what is -188 + -5?
-193
In base 9, what is -2 + -60?
-62
In base 14, what is 8 + -16?
-c
In base 5, what is -2 - 130143?
-130200
In base 10, what is 47 + 60?
107
In base 5, what is -2 + -343?
-400
In base 11, what is 723 - 13?
710
In base 4, what is 10 + 20?
30
In base 16, what is -4 + -135?
-139
In base 11, what is 190 - 2?
189
In base 2, what is -100 + -10111?
-11011
In base 16, what is -4 - 4d?
-51
In base 7, what is -1344 - 5?
-1352
In base 15, what is 3 + -236?
-233
In base 12, what is 1000 - -5?
1005
In base 10, what is -3 + -479?
-482
In base 7, what is -62 + 216?
124
In base 9, what is -3 - 78?
-82
In base 4, what is 223 - -10311?
11200
In base 11, what is 6 + 435?
440
In base 10, what is -8 + -347?
-355
In base 12, what is 262 + -11?
251
In base 15, what is -720 - 3?
-723
In base 4, what is 1111 - 21?
1030
In base 9, what is -808 + -2?
-811
In base 7, what is -1 + -1055?
-1056
In base 13, what is -5a + 59?
-1
In base 11, what is -81 - -23?
-59
In base 4, what is 1200111 - 3?
1200102
In base 14, what is -9 + 14?
9
In base 5, what is 1 + -100?
-44
In base 3, what is 1 + -21022?
-21021
In base 14, what is -1d - 67?
-86
In base 5, what is 444 + -1?
443
In base 10, what is -18 + 13?
-5
In base 7, what is 112 - -15?
130
In base 6, what is -522 + 4?
-514
In base 7, what is 10 + 1?
11
In base 4, what is 111120 - -2?
111122
In base 7, what is -211 + -1?
-212
In base 13, what is 589a - -3?
58a0
In base 6, what is -42 - 42?
-124
In base 16, what is 2 + -4ec?
-4ea
In base 13, what is 1 - 450?
-44c
In base 3, what is -1021 - 0?
-1021
In base 2, what is -111011 + -11110?
-1011001
In base 15, what is c - 15?
-8
In base 9, what is 12 + -35?
-23
In base 3, what is -1122 + 12?
-1110
In base 2, what is -10 + -1100110?
-1101000
In base 7, what is 26 + 23?
52
In base 7, what is 245 - 31?
214
In base 7, what is 54 + 40?
124
In base 3, what is -120 - -112?
-1
In base 4, what is 0 - -110312?
110312
In base 10, what is -14 - -821?
807
In base 10, what is 4 + 153?
157
In base 4, what is 10 - -233133?
233203
In base 4, what is -301 + -22?
-323
In base 5, what is 3 + -20?
-12
In base 9, what is -1 - -87?
86
In base 13, what is 12 + -1b?
-9
In base 9, what is 11 - 10?
1
In base 6, what is -114054 - 0?
-114054
In base 3, what is -202100210 - -1?
-202100202
In base 11, what is -3 - -58?
55
In base 2, what is 11 + 100000101?
100001000
In base 7, what is 221 - 1?
220
In base 6, what is 11454 + -4?
11450
In base 3, what is 11 + -211?
-200
In base 12, what is -1b - -7b?
60
In base 4, what is -1013 + 122?
-231
In base 10, what is 3 + 1627?
1630
In base 10, what is 4 - -367?
371
In base 15, what is 22d + -2?
22b
In base 16, what is 69 + -1?
68
In base 13, what is 4 + 17?
1b
In base 14, what is 37 - -1c?
55
In base 4, what is 220323 + 3?
220332
In base 8, what is -4 + -102?
-106
In base 6, what is -221214 + -5?
-221223
In base 11, what is -462 + -5?
-467
In base 16, what is 26b - 0?
26b
In base 12, what is -231 - 0?
-231
In base 2, what is 11 - 11101?
-11010
In base 8, what is 6223 - -4?
6227
In base 15, what is 0 - 261?
-261
In base 5, what is 13 - -1211?
1224
In base 13, what is -700 - 6?
-706
In base 5, what is -2 + 400?
343
In base 14, what is 3 - 48b?
-488
In base 14, what is -62 + 12?
-50
In base 10, what is -4890 + 1?
-4889
In base 13, what is -20 + -24c?
-26c
In base 5, what is 2441 - -30?
3021
In base 4, what is 2321101 + 0?
2321101
In base 2, what is -100 - 10011010000?
-10011010100
In base 13, what is -2 - -191?
18c
In base 4, what is 1 - 3103?
-3102
In base 5, what is 1 - 211?
-210
In base 2, what is 10110 - 1001?
1101
In base 5, what is -23324 - 3?
-23332
In base 16, what is b7 - 14?
a3
In base 4, what is 112 - 11?
101
In base 8, what is -2 + 1632?
1630
In base 3, what is 100 - 2?
21
In base 8, what is 1162 - -24?
1206
In base 11, what is 12 - -7?
19
In base 16, what is 6f + -5?
6a
In base 3, what is 0 - -11221?
11221
In base 11, what is a5 + -2?
a3
In base 7, what is -201 + 234?
33
In base 12, what is -14b + 28?
-123
In base 2, what is 1011101010 - 101?
1011100101
In base 2, what is -1110 - 10010?
-100000
In base 2, what is -11000111101011 + 11?
-11000111101000
In base 6, what is 3503 - -3?
3510
In base 13, what is 7c - 20?
5c
In base 4, what is -11 + -203?
-220
In base 16, what is 1 + 55?
56
In base 9, what is -552 - 3?
-555
In base 5, what is -4 + -344?
-403
In base 15, what is a2 - -3?
a5
In base 7, what is -144 - -2?
-142
In base 11, what is 4 + -36?
-32
In base 9, what is 23 - -16?
40
In base 16, what is -3ae - -8?
-3a6
In base 3, what is -200222121 - -11?
-200222110
In base 10, what is 8828 + 1?
8829
In base 5, what is -2402 + -3?
-2410
In base 8, what is -21 - 105?
-126
In base 14, what is 1 - 11b?
-11a
In base 2, what is 1100000100 - 11?
1100000001
In base 2, what is 0 - -1001010101?
1001010101
In base 6, what is 10 + -112?
-102
In base 4, what is 33030 - 11?
33013
In base 14, what is 0 - -128?
128
In base 9, what is 10 + -214?
-204
In base 7, what is -51 + 30?
-21
In base 5, what is 1 - -20?
21
In base 14, what is -4 - -11?
b
In base 5, what is 113 - 32?
31
In base 4, what is -103 + 102?
-1
In base 2, what is -11 - 1101100?
-1101111
In base 13, what is -82 + -4?
-86
In base 5, what is -3 - -431?
423
In base 2, what